146.137.132.83 - - [24/Sep/2007:12:49:18 -0700] "GET /images/layout/flower_bottom.gif HTTP/1.1" 200 2207 "http://www.mywedflowers.com/contact/index.htm" "Mozilla/4.0 (compatible; MSIE 6.0; Windows NT 5.1; SV1; .NET CLR 1.1.4322; InfoPath.1; .NET CLR 2.0.50727; .NET CLR 3.0.04506.30)" "www.mywedflowers.com"
146.137.132.83 - - [24/Sep/2007:12:49:18 -0700] "GET /images/layout/body_bg.gif HTTP/1.1" 200 161295 "http://www.mywedflowers.com/contact/index.htm" "Mozilla/4.0 (compatible; MSIE 6.0; Windows NT 5.1; SV1; .NET CLR 1.1.4322; InfoPath.1; .NET CLR 2.0.50727; .NET CLR 3.0.04506.30)" "www.mywedflowers.com"
146.137.132.83 - - [24/Sep/2007:12:49:19 -0700] "GET /images/layout/spacer.gif HTTP/1.1" 200 43 "http://www.mywedflowers.com/contact/index.htm" "Mozilla/4.0 (compatible; MSIE 6.0; Windows NT 5.1; SV1; .NET CLR 1.1.4322; InfoPath.1; .NET CLR 2.0.50727; .NET CLR 3.0.04506.30)" "www.mywedflowers.com"
146.137.132.83 - - [24/Sep/2007:12:49:19 -0700] "GET /images/layout/nav_bg.gif HTTP/1.1" 200 564 "http://www.mywedflowers.com/contact/index.htm" "Mozilla/4.0 (compatible; MSIE 6.0; Windows NT 5.1; SV1; .NET CLR 1.1.4322; InfoPath.1; .NET CLR 2.0.50727; .NET CLR 3.0.04506.30)" "www.mywedflowers.com"
146.137.132.83 - - [24/Sep/2007:12:49:23 -0700] "GET /about/index.htm HTTP/1.1" 200 4909 "http://www.flowersforspecialoccasions.com/servlet/the-Wedding-Collections/Categories" "Mozilla/4.0 (compatible; MSIE 6.0; Windows NT 5.1; SV1; .NET CLR 1.1.4322; InfoPath.1; .NET CLR 2.0.50727; .NET CLR 3.0.04506.30)" "www.mywedflowers.com"
146.137.132.83 - - [24/Sep/2007:12:49:30 -0700] "GET /policies/index.htm HTTP/1.1" 200 4548 "http://www.flowersforspecialoccasions.com/servlet/the-Wedding-Collections/Categories" "Mozilla/4.0 (compatible; MSIE 6.0; Windows NT 5.1; SV1; .NET CLR 1.1.4322; InfoPath.1; .NET CLR 2.0.50727; .NET CLR 3.0.04506.30)" "www.mywedflowers.com"
72.232.150.250 - - [24/Sep/2007:12:54:43 -0700] "POST /blog-mt1/mt-tb.fcgi/3 HTTP/1.0" 200 84 "http://mywedflowers.com/blog-mt1/mt-tb.fcgi" "TrackBack/1.02" "mywedflowers.com"
216.39.58.17 - - [24/Sep/2007:13:05:56 -0700] "GET /.feed/blog/indexblog.htm HTTP/1.0" 200 1 "-" "YahooFeedSeeker/2.0 (compatible; Mozilla 4.0; MSIE 5.5; http://publisher.yahoo.com/rssguide; users 2; views 672)" "www.mywedflowers.com"
86.125.115.112 - - [24/Sep/2007:13:20:15 -0700] "GET / HTTP/1.1" 200 12852 "http://www.google.com/search?q=wedding+bouquets&hl=en&lr=&start=110&sa=N" "Opera/9.20 (Windows NT 5.1; U; en)" "www.mywedflowers.com"
86.125.115.112 - - [24/Sep/2007:13:20:15 -0700] "GET /includes/style.css HTTP/1.1" 200 1201 "http://www.mywedflowers.com/" "Opera/9.20 (Windows NT 5.1; U; en)" "www.mywedflowers.com"
86.125.115.112 - - [24/Sep/2007:13:20:16 -0700] "GET /images/layout/top_w_logo.gif HTTP/1.1" 200 17838 "http://www.mywedflowers.com/" "Opera/9.20 (Windows NT 5.1; U; en)" "www.mywedflowers.com"
86.125.115.112 - - [24/Sep/2007:13:20:16 -0700] "GET /images/layout/nav_bg.gif HTTP/1.1" 200 564 "http://www.mywedflowers.com/" "Opera/9.20 (Windows NT 5.1; U; en)" "www.mywedflowers.com"
86.125.115.112 - - [24/Sep/2007:13:20:16 -0700] "GET /images/layout/flower_bottom.gif HTTP/1.1" 200 2207 "http://www.mywedflowers.com/" "Opera/9.20 (Windows NT 5.1; U; en)" "www.mywedflowers.com"
86.125.115.112 - - [24/Sep/2007:13:20:16 -0700] "GET /images/layout/body_bg.gif HTTP/1.1" 200 161295 "http://www.mywedflowers.com/" "Opera/9.20 (Windows NT 5.1; U; en)" "www.mywedflowers.com"
86.125.115.112 - - [24/Sep/2007:13:20:16 -0700] "GET /images/layout/spacer.gif HTTP/1.1" 200 43 "http://www.mywedflowers.com/" "Opera/9.20 (Windows NT 5.1; U; en)" "www.mywedflowers.com"
86.125.115.112 - - [24/Sep/2007:13:20:16 -0700] "GET /images/flower_boxes/cascade.gif HTTP/1.1" 200 12700 "http://www.mywedflowers.com/" "Opera/9.20 (Windows NT 5.1; U; en)" "www.mywedflowers.com"
86.125.115.112 - - [24/Sep/2007:13:20:16 -0700] "GET /images/flower_boxes/crescent.gif HTTP/1.1" 200 16215 "http://www.mywedflowers.com/" "Opera/9.20 (Windows NT 5.1; U; en)" "www.mywedflowers.com"
86.125.115.112 - - [24/Sep/2007:13:20:16 -0700] "GET /images/flower_boxes/arm.gif HTTP/1.1" 200 13225 "http://www.mywedflowers.com/" "Opera/9.20 (Windows NT 5.1; U; en)" "www.mywedflowers.com"
86.125.115.112 - - [24/Sep/2007:13:20:16 -0700] "GET /images/flower_boxes/handtied.gif HTTP/1.1" 200 13534 "http://www.mywedflowers.com/" "Opera/9.20 (Windows NT 5.1; U; en)" "www.mywedflowers.com"
86.125.115.112 - - [24/Sep/2007:13:20:16 -0700] "GET /images/flower_boxes/pomander.gif HTTP/1.1" 200 13459 "http://www.mywedflowers.com/" "Opera/9.20 (Windows NT 5.1; U; en)" "www.mywedflowers.com"
86.125.115.112 - - [24/Sep/2007:13:20:16 -0700] "GET /images/flower_boxes/round.gif HTTP/1.1" 200 14081 "http://www.mywedflowers.com/" "Opera/9.20 (Windows NT 5.1; U; en)" "www.mywedflowers.com"
86.125.115.112 - - [24/Sep/2007:13:20:18 -0700] "GET /favicon.ico HTTP/1.1" 200 1886 "http://www.mywedflowers.com/" "Opera/9.20 (Windows NT 5.1; U; en)" "www.mywedflowers.com"
89.149.227.31 - - [24/Sep/2007:13:27:02 -0700] "POST /blog-mt1/mt-comments.fcgi HTTP/1.0" 200 4096 "-" "Mozilla/5.0 (Windows; U; Windows NT 5.1; en; rv:1.8.0.3) Gecko/20060426 Firefox/1.5.0.3" "mywedflowers.com"
74.208.14.215 - - [24/Sep/2007:13:28:03 -0700] "POST /blog-mt1/mt-tb.fcgi/3 HTTP/1.0" 200 84 "-" "TrackBack/1.02" "mywedflowers.com"
81.177.22.140 - - [24/Sep/2007:13:29:48 -0700] "POST /blog-mt1/mt-comments.fcgi HTTP/1.0" 200 4096 "-" "Mozilla/5.0 (Windows; U; Windows NT 5.1; en; rv:1.8.0.3) Gecko/20060426 Firefox/1.5.0.3" "mywedflowers.com"
201.220.109.208 - - [24/Sep/2007:13:31:17 -0700] "POST /blog-mt1/mt-comments.fcgi HTTP/1.1" 200 4112 "http://mywedflowers.com/blog1/2006/11/todays_tip.html" "Mozilla/4.0 (compatible; MSIE 5.5; Windows NT)" "mywedflowers.com"
81.177.22.210 - - [24/Sep/2007:13:34:33 -0700] "POST /blog-mt1/mt-comments.fcgi HTTP/1.0" 200 4096 "http://mywedflowers.com/blog1/2006/11/todays_tip.html" "Mozilla/4.0 (compatible; MSIE 5.01; Windows NT 5.0; DT)" "mywedflowers.com"
81.177.22.210 - - [24/Sep/2007:13:34:34 -0700] "POST /blog-mt1/mt-comments.fcgi HTTP/1.0" 200 1745 "http://mywedflowers.com/blog1/2006/11/todays_tip.html" "Mozilla/4.0 (compatible; MSIE 5.01; Windows NT 5.0; DT)" "mywedflowers.com"
216.39.58.78 - - [24/Sep/2007:13:46:19 -0700] "GET /.feed/blog/indexblog.htm HTTP/1.0" 200 1 "-" "YahooFeedSeeker/2.0 (compatible; Mozilla 4.0; MSIE 5.5; http://publisher.yahoo.com/rssguide; users 2; views 672)" "www.mywedflowers.com"
81.177.22.210 - - [24/Sep/2007:14:10:02 -0700] "POST /blog-mt1/mt-comments.fcgi HTTP/1.0" 200 4096 "http://mywedflowers.com/blog1/2006/11/todays_tip.html" "Mozilla/4.0 (compatible; MSIE 6.0; Windows NT 5.1; .NET CLR 1.1.4322)" "mywedflowers.com"
24.87.73.228 - - [24/Sep/2007:14:16:03 -0700] "GET /blog1/2006/11/beautiful.html HTTP/1.1" 200 42495 "-" "User-Agent: Mozilla/4.0 (compatible; MSIE 7.0; Windows NT 5.1; Mozilla/4.0 (compatible; MSIE 6.0; Windows NT 5.1; SV1) ; .NET CLR 1.1.4322; .NET CLR 2.0.50727; InfoPath.2)" "mywedflowers.com"
24.87.73.228 - - [24/Sep/2007:14:16:14 -0700] "POST /blog-mt1/mt-comments.fcgi HTTP/1.1" 200 4111 "-" "User-Agent: Mozilla/4.0 (compatible; MSIE 7.0; Windows NT 5.1; Mozilla/4.0 (compatible; MSIE 6.0; Windows NT 5.1; SV1) ; .NET CLR 1.1.4322; .NET CLR 2.0.50727; InfoPath.2)" "mywedflowers.com"
66.249.72.132 - - [24/Sep/2007:14:22:05 -0700] "GET /robots.txt HTTP/1.1" 404 275 "-" "Mozilla/5.0 (compatible; Googlebot/2.1; +http://www.google.com/bot.html)" "www.mywedflowers.com"
66.249.72.132 - - [24/Sep/2007:14:22:05 -0700] "GET /sitemap.htm HTTP/1.1" 304 - "-" "Mozilla/5.0 (compatible; Googlebot/2.1; +http://www.google.com/bot.html)" "www.mywedflowers.com"
89.149.227.31 - - [24/Sep/2007:14:28:19 -0700] "POST /blog-mt1/mt-comments.fcgi HTTP/1.0" 200 4096 "-" "Mozilla/5.0 (Windows; U; Windows NT 5.1; en; rv:1.8.0.3) Gecko/20060426 Firefox/1.5.0.3" "mywedflowers.com"
71.215.17.182 - - [24/Sep/2007:14:34:09 -0700] "GET /favicon.ico HTTP/1.1" 200 1886 "-" "Mozilla/4.0 (compatible; MSIE 7.0; Windows NT 6.0; FunWebProducts; SLCC1; .NET CLR 2.0.50727; Media Center PC 5.0; .NET CLR 3.0.04506; MSN 9.0;MSN 9.1; MSNbQ002; MSNmen-us; MSNcOTH)" "www.mywedflowers.com"
207.200.116.195 - - [24/Sep/2007:14:45:23 -0700] "HEAD /about/index.htm HTTP/1.1" 200 0 "-" "Mozilla/4.0 (compatible; MSIE 6.0; AOL 9.0; Windows NT 5.1; SV1; .NET CLR 1.1.4322)" "www.mywedflowers.com"
216.39.58.18 - - [24/Sep/2007:14:45:59 -0700] "GET /.feed/blog/indexblog.htm HTTP/1.0" 200 1 "-" "YahooFeedSeeker/2.0 (compatible; Mozilla 4.0; MSIE 5.5; http://publisher.yahoo.com/rssguide; users 2; views 672)" "www.mywedflowers.com"
71.215.17.182 - - [24/Sep/2007:14:48:01 -0700] "GET /favicon.ico HTTP/1.1" 200 1886 "-" "Mozilla/4.0 (compatible; MSIE 7.0; Windows NT 6.0; FunWebProducts; SLCC1; .NET CLR 2.0.50727; Media Center PC 5.0; .NET CLR 3.0.04506; MSN 9.0;MSN 9.1; MSNbQ002; MSNmen-us; MSNcOTH)" "www.mywedflowers.com"
194.213.62.114 - - [24/Sep/2007:14:51:05 -0700] "POST /blog-mt1/mt-comments.fcgi HTTP/1.1" 200 39049 "http://radrailstemplates.com/radrailstemplates/ticket/19, http://blog.depauw.edu/comm237/archives/2006/02/do_the_right_th_2.html, http://www.velsk.net/?set=gb, http://dbf3dcg.paslog.jp/article/356525.html, http://deliverator.silverfir.net/gallery/popups/add_comment.php?set_albumName=Hacknight-012506&id=IMG_1317&gallery_popup=true, http://cgi.mametan2.com/yybbs3/yybbs.cgi, http://www.onhuu.com/cgi-bin/bss/bbs.cgi, http://thepatintrio.com/guestbook/addentry.html, http://obregonfamily.com/blog/2007/03/gavins_doctor_visit.html, http://mywedflowers.com/blog1/2006/11/beautiful.html" "Mozilla/4.0 (compatible; MSIE 6.0; Windows NT 5.0; MyIE2; Maxthon)" "mywedflowers.com"
65.37.31.70 - - [24/Sep/2007:14:53:17 -0700] "POST /blog-mt1/mt-comments.fcgi HTTP/1.1" 200 39049 "http://www.hismagic.com/?p=16, http://www.hismagic.com/?p=16, http://www.adison.co.kr/bbs/zboard.php?id=guest, http://mywedflowers.com/blog1/2006/11/beautiful.html" "Mozilla/4.0 (compatible; MSIE 6.0; Windows NT 5.0; MyIE2; Maxthon)" "mywedflowers.com"
71.112.190.3 - - [24/Sep/2007:15:03:40 -0700] "GET /blog1/2006/11/beautiful.html HTTP/1.0" 200 42495 "-" "User-Agent: Mozilla/4.0 (compatible; MSIE 7.0; Windows NT 5.1; Mozilla/4.0 (compatible; MSIE 6.0; Windows NT 5.1; SV1) ; .NET CLR 1.1.4322; .NET CLR 2.0.50727; InfoPath.2)" "mywedflowers.com"
81.177.22.210 - - [24/Sep/2007:15:07:35 -0700] "POST /blog-mt1/mt-comments.fcgi HTTP/1.0" 200 4096 "http://mywedflowers.com/blog1/2006/11/todays_tip.html" "Mozilla/5.0 (Windows; U; Windows NT 5.0; en-US; rv:1.2a) Gecko/20020910" "mywedflowers.com"
81.177.22.210 - - [24/Sep/2007:15:07:35 -0700] "POST /blog-mt1/mt-comments.fcgi HTTP/1.0" 200 1745 "http://mywedflowers.com/blog1/2006/11/todays_tip.html" "Mozilla/5.0 (Windows; U; Windows NT 5.0; en-US; rv:1.2a) Gecko/20020910" "mywedflowers.com"
89.149.227.31 - - [24/Sep/2007:15:11:30 -0700] "POST /blog-mt1/mt-comments.fcgi HTTP/1.0" 200 4096 "-" "Mozilla/5.0 (Windows; U; Windows NT 5.1; en; rv:1.8.0.3) Gecko/20060426 Firefox/1.5.0.3" "mywedflowers.com"
89.149.227.31 - - [24/Sep/2007:15:30:17 -0700] "POST /blog-mt1/mt-comments.fcgi HTTP/1.0" 200 4096 "-" "Mozilla/5.0 (Windows; U; Windows NT 5.1; en; rv:1.8.0.3) Gecko/20060426 Firefox/1.5.0.3" "mywedflowers.com"
81.177.22.210 - - [24/Sep/2007:15:33:06 -0700] "POST /blog-mt1/mt-comments.fcgi HTTP/1.0" 200 4096 "http://mywedflowers.com/blog1/2006/11/todays_tip.html" "Mozilla/5.0 (Windows; U; Windows NT 5.0; en-US; rv:1.2a) Gecko/20020910" "mywedflowers.com"
201.220.113.35 - - [24/Sep/2007:15:36:29 -0700] "GET /blog1/2006/11/beautiful.html HTTP/1.1" 200 42495 "-" "User-Agent: Mozilla/4.0 (compatible; MSIE 7.0; Windows NT 5.1; Mozilla/4.0 (compatible; MSIE 6.0; Windows NT 5.1; SV1) ; .NET CLR 1.1.4322; .NET CLR 2.0.50727; InfoPath.2)" "mywedflowers.com"
89.149.227.31 - - [24/Sep/2007:15:45:37 -0700] "POST /blog-mt1/mt-comments.fcgi HTTP/1.0" 200 4096 "-" "Mozilla/5.0 (Windows; U; Windows NT 5.1; en; rv:1.8.0.3) Gecko/20060426 Firefox/1.5.0.3" "mywedflowers.com"
216.39.58.78 - - [24/Sep/2007:15:47:01 -0700] "GET /.feed/blog/indexblog.htm HTTP/1.0" 200 1 "-" "YahooFeedSeeker/2.0 (compatible; Mozilla 4.0; MSIE 5.5; http://publisher.yahoo.com/rssguide; users 2; views 672)" "www.mywedflowers.com"
89.149.227.31 - - [24/Sep/2007:16:27:33 -0700] "POST /blog-mt1/mt-comments.fcgi HTTP/1.0" 200 4096 "-" "Mozilla/5.0 (Windows; U; Windows NT 5.1; en; rv:1.8.0.3) Gecko/20060426 Firefox/1.5.0.3" "mywedflowers.com"
72.9.159.160 - - [24/Sep/2007:16:34:50 -0700] "POST /blog-mt1/mt-tb.fcgi/3 HTTP/1.0" 200 84 "-" "TrackBack/1.02" "mywedflowers.com"
216.39.58.78 - - [24/Sep/2007:16:46:11 -0700] "GET /.feed/blog/indexblog.htm HTTP/1.0" 200 1 "-" "YahooFeedSeeker/2.0 (compatible; Mozilla 4.0; MSIE 5.5; http://publisher.yahoo.com/rssguide; users 2; views 672)" "www.mywedflowers.com"
71.215.17.182 - - [24/Sep/2007:17:08:21 -0700] "GET /favicon.ico HTTP/1.1" 200 1886 "-" "Mozilla/4.0 (compatible; MSIE 7.0; Windows NT 6.0; FunWebProducts; SLCC1; .NET CLR 2.0.50727; Media Center PC 5.0; .NET CLR 3.0.04506; MSN 9.0;MSN 9.1; MSNbQ002; MSNmen-us; MSNcOTH)" "www.mywedflowers.com"
68.186.131.185 - - [24/Sep/2007:17:08:22 -0700] "GET /blog1/2006/11/beautiful.html HTTP/1.0" 200 42495 "-" "User-Agent: Mozilla/4.0 (compatible; MSIE 7.0; Windows NT 5.1; Mozilla/4.0 (compatible; MSIE 6.0; Windows NT 5.1; SV1) ; .NET CLR 1.1.4322; .NET CLR 2.0.50727; InfoPath.2)" "mywedflowers.com"
81.177.22.210 - - [24/Sep/2007:17:44:55 -0700] "POST /blog-mt1/mt-comments.fcgi HTTP/1.0" 200 4096 "http://mywedflowers.com/blog1/2006/11/todays_tip.html" "Mozilla/4.0 (compatible; MSIE 6.0; Windows NT 5.1; .NET CLR 1.1.4322)" "mywedflowers.com"
74.53.25.18 - - [24/Sep/2007:17:45:22 -0700] "POST /blog-mt1/mt-tb.fcgi/3 HTTP/1.0" 200 84 "-" "TrackBack/1.02" "mywedflowers.com"
216.39.58.78 - - [24/Sep/2007:17:45:54 -0700] "GET /.feed/blog/indexblog.htm HTTP/1.0" 200 1 "-" "YahooFeedSeeker/2.0 (compatible; Mozilla 4.0; MSIE 5.5; http://publisher.yahoo.com/rssguide; users 2; views 672)" "www.mywedflowers.com"
81.177.22.210 - - [24/Sep/2007:17:57:46 -0700] "POST /blog-mt1/mt-comments.fcgi HTTP/1.0" 200 4096 "http://mywedflowers.com/blog1/2006/11/todays_tip.html" "Mozilla/5.0 (Windows; U; Windows NT 5.0; en-US; rv:1.1) Gecko/20020826" "mywedflowers.com"
81.177.22.210 - - [24/Sep/2007:17:57:46 -0700] "POST /blog-mt1/mt-comments.fcgi HTTP/1.0" 200 1745 "http://mywedflowers.com/blog1/2006/11/todays_tip.html" "Mozilla/5.0 (Windows; U; Windows NT 5.0; en-US; rv:1.1) Gecko/20020826" "mywedflowers.com"
81.177.22.140 - - [24/Sep/2007:17:58:55 -0700] "POST /blog-mt1/mt-comments.fcgi HTTP/1.0" 200 4096 "-" "Mozilla/5.0 (Windows; U; Windows NT 5.1; en; rv:1.8.0.3) Gecko/20060426 Firefox/1.5.0.3" "mywedflowers.com"
66.232.113.242 - - [24/Sep/2007:18:00:58 -0700] "POST /blog-mt1/mt-tb.fcgi/3 HTTP/1.0" 200 84 "http://mywedflowers.com/blog-mt1/mt-tb.fcgi" "TrackBack/1.02" "mywedflowers.com"
216.39.58.17 - - [24/Sep/2007:18:02:20 -0700] "GET /.feed/blog/indexblog.htm HTTP/1.0" 200 1 "-" "YahooFeedSeeker/2.0 (compatible; Mozilla 4.0; MSIE 5.5; http://publisher.yahoo.com/rssguide; users 2; views 672)" "www.mywedflowers.com"
201.15.160.233 - - [24/Sep/2007:18:24:56 -0700] "GET /blog1/2006/11/beautiful.html HTTP/1.1" 200 42495 "-" "User-Agent: Mozilla/4.0 (compatible; MSIE 7.0; Windows NT 5.1; Mozilla/4.0 (compatible; MSIE 6.0; Windows NT 5.1; SV1) ; .NET CLR 1.1.4322; .NET CLR 2.0.50727; InfoPath.2)" "mywedflowers.com"
209.190.93.166 - - [24/Sep/2007:18:29:34 -0700] "POST /blog-mt1/mt-comments.fcgi HTTP/1.1" 200 28423 "http://www.pink-e.com/bbs2001i/minibbs.cgi?log=log1, http://mywedflowers.com/blog1/2006/11/gorgeous.html" "Mozilla/4.0 (compatible; MSIE 6.0; Windows NT 5.0; MyIE2; Maxthon)" "mywedflowers.com"
70.86.97.98 - - [24/Sep/2007:18:30:38 -0700] "GET /blog1/2006/11/todays_tip.html HTTP/1.0" 200 103427 "-" "-" "mywedflowers.com"
70.86.97.98 - - [24/Sep/2007:18:31:03 -0700] "POST /blog-mt1/mt-comments.fcgi HTTP/1.0" 200 4096 "-" "-" "mywedflowers.com"
67.83.201.137 - - [24/Sep/2007:18:31:10 -0700] "GET /blog1/2006/11/todays_tip.html HTTP/1.0" 200 103427 "-" "Mozilla/4.0 (compatible; MSIE 6.0; Windows NT 5.1)" "mywedflowers.com"
59.190.39.141 - - [24/Sep/2007:18:31:33 -0700] "GET /blog-mt1/mt-comments.fcgi HTTP/1.0" 200 2161 "-" "Mozilla/4.0 (compatible; MSIE 6.0; Windows NT 5.1)" "mywedflowers.com"
81.177.22.140 - - [24/Sep/2007:18:31:43 -0700] "POST /blog-mt1/mt-comments.fcgi HTTP/1.0" 200 4096 "-" "Mozilla/5.0 (Windows; U; Windows NT 5.1; en; rv:1.8.0.3) Gecko/20060426 Firefox/1.5.0.3" "mywedflowers.com"
60.32.219.68 - - [24/Sep/2007:18:31:47 -0700] "GET /blog1/ HTTP/1.1" 200 8325 "-" "Mozilla/4.0 (compatible; MSIE 6.0; Windows NT 5.1)" "mywedflowers.com"
217.169.46.98 - - [24/Sep/2007:18:31:52 -0700] "GET /blog1/2006/11/happy_thanksgiving.html HTTP/1.1" 200 10713 "-" "Mozilla/4.0" "mywedflowers.com"
64.61.84.2 - - [24/Sep/2007:18:31:57 -0700] "GET /blog1/2006/11/happy_thanksgiving.html HTTP/1.1" 200 10713 "-" "Mozilla/4.0 (compatible; MSIE 6.0; Windows NT 5.1)" "mywedflowers.com"
64.61.84.2 - - [24/Sep/2007:18:31:59 -0700] "GET /blog1/atom.xml HTTP/1.1" 200 5986 "http://mywedflowers.com/blog1/2006/11/happy_thanksgiving.html" "Mozilla/4.0 (compatible; MSIE 6.0; Windows NT 5.1)" "mywedflowers.com"
64.61.84.2 - - [24/Sep/2007:18:31:59 -0700] "GET /blog1/ HTTP/1.1" 200 8325 "http://mywedflowers.com/blog1/2006/11/happy_thanksgiving.html" "Mozilla/4.0 (compatible; MSIE 6.0; Windows NT 5.1)" "mywedflowers.com"
64.61.84.2 - - [24/Sep/2007:18:31:59 -0700] "GET /blog1/styles-site.css HTTP/1.1" 200 231 "http://mywedflowers.com/blog1/2006/11/happy_thanksgiving.html" "Mozilla/4.0 (compatible; MSIE 6.0; Windows NT 5.1)" "mywedflowers.com"
64.61.84.2 - - [24/Sep/2007:18:31:59 -0700] "GET /blog1/index.xml HTTP/1.1" 200 3679 "http://mywedflowers.com/blog1/2006/11/happy_thanksgiving.html" "Mozilla/4.0 (compatible; MSIE 6.0; Windows NT 5.1)" "mywedflowers.com"
64.61.84.2 - - [24/Sep/2007:18:31:59 -0700] "GET /blog1/2006/11/todays_tip.html HTTP/1.1" 200 103427 "http://mywedflowers.com/blog1/2006/11/happy_thanksgiving.html" "Mozilla/4.0 (compatible; MSIE 6.0; Windows NT 5.1)" "mywedflowers.com"
64.61.84.2 - - [24/Sep/2007:18:31:59 -0700] "GET /blog1/mt-site.js HTTP/1.1" 200 3088 "http://mywedflowers.com/blog1/2006/11/happy_thanksgiving.html" "Mozilla/4.0 (compatible; MSIE 6.0; Windows NT 5.1)" "mywedflowers.com"
64.61.84.2 - - [24/Sep/2007:18:32:01 -0700] "GET /blog1/$VisitURL HTTP/1.1" 404 275 "-" "Mozilla/4.0 (compatible;)" "mywedflowers.com"
64.61.84.2 - - [24/Sep/2007:18:32:01 -0700] "GET /blog1/rsd.xml HTTP/1.1" 200 530 "-" "Mozilla/4.0 (compatible;)" "mywedflowers.com"
64.61.84.2 - - [24/Sep/2007:18:32:01 -0700] "GET /blog1/2006/11/$VisitURL HTTP/1.1" 404 275 "http://mywedflowers.com/blog1/2006/11/happy_thanksgiving.html" "Mozilla/4.0 (compatible; MSIE 6.0; Windows NT 5.1)" "mywedflowers.com"
211.218.218.87 - - [24/Sep/2007:18:32:35 -0700] "GET /blog1/2006/11/gorgeous.html HTTP/1.0" 200 32509 "-" "Mozilla/4.0 (compatible; MSIE 6.0; Windows NT 5.1)" "mywedflowers.com"
213.133.99.82 - - [24/Sep/2007:18:32:46 -0700] "GET /blog1/2006/11/beautiful.html HTTP/1.1" 200 42495 "-" "Mozilla/4.0 (compatible; MSIE 6.0; Windows NT 5.1)" "mywedflowers.com"
24.44.194.225 - - [24/Sep/2007:18:32:48 -0700] "GET /blog1/atom.xml HTTP/1.0" 200 5986 "-" "Mozilla/4.0 (compatible; MSIE 6.0; Windows NT 5.1)" "mywedflowers.com"
64.61.84.2 - - [24/Sep/2007:18:32:51 -0700] "GET /blog1/2006/11/gorgeous.html HTTP/1.1" 200 32509 "-" "Mozilla/4.0 (compatible;)" "mywedflowers.com"
64.61.84.2 - - [24/Sep/2007:18:32:51 -0700] "GET /blog1/2006/11/happy_thanksgiving.html HTTP/1.1" 200 10713 "-" "Mozilla/4.0 (compatible;)" "mywedflowers.com"
81.177.22.140 - - [24/Sep/2007:18:38:30 -0700] "POST /blog-mt1/mt-comments.fcgi HTTP/1.0" 200 4096 "-" "Mozilla/5.0 (Windows; U; Windows NT 5.1; en; rv:1.8.0.3) Gecko/20060426 Firefox/1.5.0.3" "mywedflowers.com"
216.39.58.78 - - [24/Sep/2007:18:46:13 -0700] "GET /.feed/blog/indexblog.htm HTTP/1.0" 200 1 "-" "YahooFeedSeeker/2.0 (compatible; Mozilla 4.0; MSIE 5.5; http://publisher.yahoo.com/rssguide; users 2; views 672)" "www.mywedflowers.com"
81.177.22.140 - - [24/Sep/2007:18:54:40 -0700] "POST /blog-mt1/mt-comments.fcgi HTTP/1.0" 200 4096 "-" "Mozilla/5.0 (Windows; U; Windows NT 5.1; en; rv:1.8.0.3) Gecko/20060426 Firefox/1.5.0.3" "mywedflowers.com"
75.9.211.13 - - [24/Sep/2007:18:56:59 -0700] "GET /blog1/2006/11/beautiful.html HTTP/1.0" 200 42495 "-" "-" "mywedflowers.com"
81.177.22.210 - - [24/Sep/2007:18:57:58 -0700] "POST /blog-mt1/mt-comments.fcgi HTTP/1.0" 200 1504 "http://mywedflowers.com/blog1/2006/11/todays_tip.html" "Mozilla/5.0 (Windows; U; Windows NT 5.0; en-US; rv:1.1a) Gecko/20020611" "mywedflowers.com"
216.39.58.17 - - [24/Sep/2007:19:03:22 -0700] "GET /.feed/blog/indexblog.htm HTTP/1.0" 200 1 "-" "YahooFeedSeeker/2.0 (compatible; Mozilla 4.0; MSIE 5.5; http://publisher.yahoo.com/rssguide; users 2; views 672)" "www.mywedflowers.com"
208.80.193.31 - - [24/Sep/2007:19:06:31 -0700] "GET / HTTP/1.1" 200 12852 "-" "Mozilla/5.0 (compatible; Konqueror/3.1-rc6; i686 Linux; 20021126)" "www.mywedflowers.com"
89.149.227.31 - - [24/Sep/2007:19:22:06 -0700] "POST /blog-mt1/mt-comments.fcgi HTTP/1.0" 200 4096 "-" "Mozilla/5.0 (Windows; U; Windows NT 5.1; en; rv:1.8.0.3) Gecko/20060426 Firefox/1.5.0.3" "mywedflowers.com"
210.131.3.159 - - [24/Sep/2007:19:31:33 -0700] "GET /blog1/2006/11/beautiful.html HTTP/1.0" 200 42495 "-" "User-Agent: Mozilla/4.0 (compatible; MSIE 7.0; Windows NT 5.1; Mozilla/4.0 (compatible; MSIE 6.0; Windows NT 5.1; SV1) ; .NET CLR 1.1.4322; .NET CLR 2.0.50727; InfoPath.2)" "mywedflowers.com"
210.131.3.159 - - [24/Sep/2007:19:31:45 -0700] "POST /blog-mt1/mt-comments.fcgi HTTP/1.0" 200 4095 "-" "User-Agent: Mozilla/4.0 (compatible; MSIE 7.0; Windows NT 5.1; Mozilla/4.0 (compatible; MSIE 6.0; Windows NT 5.1; SV1) ; .NET CLR 1.1.4322; .NET CLR 2.0.50727; InfoPath.2)" "mywedflowers.com"
89.149.227.31 - - [24/Sep/2007:19:41:23 -0700] "POST /blog-mt1/mt-comments.fcgi HTTP/1.0" 200 4096 "-" "Mozilla/5.0 (Windows; U; Windows NT 5.1; en; rv:1.8.0.3) Gecko/20060426 Firefox/1.5.0.3" "mywedflowers.com"
216.39.58.18 - - [24/Sep/2007:19:46:17 -0700] "GET /.feed/blog/indexblog.htm HTTP/1.0" 200 1 "-" "YahooFeedSeeker/2.0 (compatible; Mozilla 4.0; MSIE 5.5; http://publisher.yahoo.com/rssguide; users 2; views 672)" "www.mywedflowers.com"
68.198.24.149 - - [24/Sep/2007:19:47:17 -0700] "GET /blog1/2006/11/beautiful.html HTTP/1.0" 200 42495 "-" "-" "mywedflowers.com"
203.124.18.183 - - [24/Sep/2007:19:57:53 -0700] "GET /blog1/2006/11/beautiful.html HTTP/1.1" 200 42495 "-" "User-Agent: Mozilla/4.0 (compatible; MSIE 7.0; Windows NT 5.1; Mozilla/4.0 (compatible; MSIE 6.0; Windows NT 5.1; SV1) ; .NET CLR 1.1.4322; .NET CLR 2.0.50727; InfoPath.2)" "mywedflowers.com"
216.39.58.17 - - [24/Sep/2007:20:02:06 -0700] "GET /.feed/blog/indexblog.htm HTTP/1.0" 200 1 "-" "YahooFeedSeeker/2.0 (compatible; Mozilla 4.0; MSIE 5.5; http://publisher.yahoo.com/rssguide; users 2; views 672)" "www.mywedflowers.com"
201.6.159.228 - - [24/Sep/2007:20:02:58 -0700] "POST /blog-mt1/mt-comments.fcgi HTTP/1.0" 200 39033 "http://www.mingsir.cn/blog/article.asp?id=113, http://noeliam.com/ibbs/ibbss.cgi?H=th&no=0, http://kakomisuru2000.hp.infoseek.co.jp/cgi-bin/imgboard.cgi, http://webwork.jino-net.ru/weblinks.php, http://www.bhnc.net/bguest.php?nowmenuid=45711&actionsign=add, http://www.julien-nevo.com/starkos/?rubric=Messages&PHPSESSID=da0b9c0fc1e856b9acece15fd45e3dfa, http://arsedigita.com/comment, http://mywedflowers.com/blog1/2006/11/beautiful.html" "Mozilla/4.0 (compatible; MSIE 6.0; Windows NT 5.0; MyIE2; Maxthon)" "mywedflowers.com"
208.80.193.52 - - [24/Sep/2007:20:06:02 -0700] "GET / HTTP/1.1" 200 12852 "-" "Mozilla/4.0 (compatible; MSIE 6.0; Windows NT 5.1; Q312462)" "mywedflowers.com"
81.177.22.210 - - [24/Sep/2007:20:30:31 -0700] "POST /blog-mt1/mt-comments.fcgi HTTP/1.0" 200 4096 "http://mywedflowers.com/blog1/2006/11/todays_tip.html" "Mozilla/5.0 (Windows; U; Windows NT 5.0; en-US; rv:1.1) Gecko/20020826" "mywedflowers.com"
81.177.22.210 - - [24/Sep/2007:20:30:31 -0700] "POST /blog-mt1/mt-comments.fcgi HTTP/1.0" 200 1745 "http://mywedflowers.com/blog1/2006/11/todays_tip.html" "Mozilla/5.0 (Windows; U; Windows NT 5.0; en-US; rv:1.1) Gecko/20020826" "mywedflowers.com"
65.60.216.81 - - [24/Sep/2007:20:31:22 -0700] "GET /blog1/2006/11/beautiful.html HTTP/1.1" 200 42495 "-" "User-Agent: Mozilla/4.0 (compatible; MSIE 7.0; Windows NT 5.1; Mozilla/4.0 (compatible; MSIE 6.0; Windows NT 5.1; SV1) ; .NET CLR 1.1.4322; .NET CLR 2.0.50727; InfoPath.2)" "mywedflowers.com"
68.178.224.222 - - [24/Sep/2007:20:43:28 -0700] "POST /blog-mt1/mt-tb.fcgi/3 HTTP/1.0" 200 84 "-" "TrackBack/1.02" "mywedflowers.com"
210.131.4.176 - - [24/Sep/2007:20:46:21 -0700] "GET /blog1/2006/11/beautiful.html HTTP/1.0" 200 42495 "-" "User-Agent: Mozilla/4.0 (compatible; MSIE 7.0; Windows NT 5.1; Mozilla/4.0 (compatible; MSIE 6.0; Windows NT 5.1; SV1) ; .NET CLR 1.1.4322; .NET CLR 2.0.50727; InfoPath.2)" "mywedflowers.com"
217.237.173.35 - - [24/Sep/2007:20:51:15 -0700] "POST /blog-mt1/mt-comments.fcgi HTTP/1.1" 200 4112 "http://mywedflowers.com/blog1/2006/11/todays_tip.html" "Mozilla/4.0 (compatible; MSIE 5.5; Windows NT)" "mywedflowers.com"
141.30.150.10 - - [24/Sep/2007:20:51:32 -0700] "POST /blog-mt1/mt-comments.fcgi HTTP/1.0" 200 4096 "http://mywedflowers.com/blog1/2006/11/todays_tip.html" "Mozilla/4.0 (compatible; MSIE 5.5; Windows NT)" "mywedflowers.com"
65.55.212.149 - - [24/Sep/2007:20:56:11 -0700] "GET /robots.txt HTTP/1.0" 404 275 "-" "msnbot-media/1.0 (+http://search.msn.com/msnbot.htm)" "www.mywedflowers.com"
65.55.212.149 - - [24/Sep/2007:20:56:11 -0700] "GET /images/testimonials/full/Shari_Greg.jpg HTTP/1.0" 200 43214 "-" "msnbot-media/1.0 (+http://search.msn.com/msnbot.htm)" "www.mywedflowers.com"
65.55.212.149 - - [24/Sep/2007:20:56:11 -0700] "GET /images/testimonials/full/DSC00361.jpg HTTP/1.0" 200 167529 "-" "msnbot-media/1.0 (+http://search.msn.com/msnbot.htm)" "www.mywedflowers.com"
89.149.227.31 - - [24/Sep/2007:20:58:36 -0700] "POST /blog-mt1/mt-comments.fcgi HTTP/1.0" 200 4096 "-" "Mozilla/5.0 (Windows; U; Windows NT 5.1; en; rv:1.8.0.3) Gecko/20060426 Firefox/1.5.0.3" "mywedflowers.com"
210.131.3.159 - - [24/Sep/2007:21:08:46 -0700] "GET /blog1/2006/11/beautiful.html HTTP/1.0" 200 42495 "-" "User-Agent: Mozilla/4.0 (compatible; MSIE 7.0; Windows NT 5.1; Mozilla/4.0 (compatible; MSIE 6.0; Windows NT 5.1; SV1) ; .NET CLR 1.1.4322; .NET CLR 2.0.50727; InfoPath.2)" "mywedflowers.com"
70.85.147.66 - - [24/Sep/2007:21:15:28 -0700] "POST /blog-mt1/mt-tb.fcgi/3 HTTP/1.0" 200 84 "http://mywedflowers.com/blog-mt1/mt-tb.fcgi" "TrackBack/1.02" "mywedflowers.com"
71.62.164.175 - - [24/Sep/2007:21:20:06 -0700] "GET / HTTP/1.1" 200 12852 "-" "Mozilla/4.0 (compatible; MSIE 6.0; Windows NT 5.1; SV1; FunWebProducts; .NET CLR 1.1.4322; .NET CLR 2.0.50727)" "www.mywedflowers.com"
71.62.164.175 - - [24/Sep/2007:21:20:06 -0700] "GET /includes/style.css HTTP/1.1" 200 1201 "-" "Mozilla/4.0 (compatible; MSIE 6.0; Windows NT 5.1; SV1; FunWebProducts; .NET CLR 1.1.4322; .NET CLR 2.0.50727)" "www.mywedflowers.com"
71.62.164.175 - - [24/Sep/2007:21:20:06 -0700] "GET /images/layout/top_w_logo.gif HTTP/1.1" 200 17838 "-" "Mozilla/4.0 (compatible; MSIE 6.0; Windows NT 5.1; SV1; FunWebProducts; .NET CLR 1.1.4322; .NET CLR 2.0.50727)" "www.mywedflowers.com"
71.62.164.175 - - [24/Sep/2007:21:20:07 -0700] "GET /favicon.ico HTTP/1.1" 200 1886 "-" "Mozilla/4.0 (compatible; MSIE 6.0; Windows NT 5.1; SV1; FunWebProducts; .NET CLR 1.1.4322; .NET CLR 2.0.50727)" "www.mywedflowers.com"
71.62.164.175 - - [24/Sep/2007:21:20:07 -0700] "GET /images/layout/flower_bottom.gif HTTP/1.1" 200 2207 "-" "Mozilla/4.0 (compatible; MSIE 6.0; Windows NT 5.1; SV1; FunWebProducts; .NET CLR 1.1.4322; .NET CLR 2.0.50727)" "www.mywedflowers.com"
71.62.164.175 - - [24/Sep/2007:21:20:07 -0700] "GET /images/layout/body_bg.gif HTTP/1.1" 200 161295 "-" "Mozilla/4.0 (compatible; MSIE 6.0; Windows NT 5.1; SV1; FunWebProducts; .NET CLR 1.1.4322; .NET CLR 2.0.50727)" "www.mywedflowers.com"
71.62.164.175 - - [24/Sep/2007:21:20:07 -0700] "GET /images/flower_boxes/cascade.gif HTTP/1.1" 200 12700 "-" "Mozilla/4.0 (compatible; MSIE 6.0; Windows NT 5.1; SV1; FunWebProducts; .NET CLR 1.1.4322; .NET CLR 2.0.50727)" "www.mywedflowers.com"
71.62.164.175 - - [24/Sep/2007:21:20:07 -0700] "GET /images/flower_boxes/crescent.gif HTTP/1.1" 200 16215 "-" "Mozilla/4.0 (compatible; MSIE 6.0; Windows NT 5.1; SV1; FunWebProducts; .NET CLR 1.1.4322; .NET CLR 2.0.50727)" "www.mywedflowers.com"
71.62.164.175 - - [24/Sep/2007:21:20:07 -0700] "GET /images/flower_boxes/arm.gif HTTP/1.1" 200 13225 "-" "Mozilla/4.0 (compatible; MSIE 6.0; Windows NT 5.1; SV1; FunWebProducts; .NET CLR 1.1.4322; .NET CLR 2.0.50727)" "www.mywedflowers.com"
71.62.164.175 - - [24/Sep/2007:21:20:07 -0700] "GET /images/flower_boxes/round.gif HTTP/1.1" 200 14081 "-" "Mozilla/4.0 (compatible; MSIE 6.0; Windows NT 5.1; SV1; FunWebProducts; .NET CLR 1.1.4322; .NET CLR 2.0.50727)" "www.mywedflowers.com"
71.62.164.175 - - [24/Sep/2007:21:20:07 -0700] "GET /images/flower_boxes/handtied.gif HTTP/1.1" 200 13534 "-" "Mozilla/4.0 (compatible; MSIE 6.0; Windows NT 5.1; SV1; FunWebProducts; .NET CLR 1.1.4322; .NET CLR 2.0.50727)" "www.mywedflowers.com"
71.62.164.175 - - [24/Sep/2007:21:20:07 -0700] "GET /images/flower_boxes/pomander.gif HTTP/1.1" 200 13459 "-" "Mozilla/4.0 (compatible; MSIE 6.0; Windows NT 5.1; SV1; FunWebProducts; .NET CLR 1.1.4322; .NET CLR 2.0.50727)" "www.mywedflowers.com"
71.62.164.175 - - [24/Sep/2007:21:20:07 -0700] "GET /images/layout/spacer.gif HTTP/1.1" 200 43 "-" "Mozilla/4.0 (compatible; MSIE 6.0; Windows NT 5.1; SV1; FunWebProducts; .NET CLR 1.1.4322; .NET CLR 2.0.50727)" "www.mywedflowers.com"
71.62.164.175 - - [24/Sep/2007:21:20:07 -0700] "GET /images/layout/nav_bg.gif HTTP/1.1" 200 564 "-" "Mozilla/4.0 (compatible; MSIE 6.0; Windows NT 5.1; SV1; FunWebProducts; .NET CLR 1.1.4322; .NET CLR 2.0.50727)" "www.mywedflowers.com"
88.131.153.91 - - [24/Sep/2007:21:23:08 -0700] "GET /robots.txt HTTP/1.0" 404 275 "-" "Speedy Spider (http://www.entireweb.com/about/search_tech/speedy_spider/)" "www.mywedflowers.com"
88.131.153.91 - - [24/Sep/2007:21:23:08 -0700] "GET /testimonials/ HTTP/1.0" 200 7989 "-" "Speedy Spider (http://www.entireweb.com/about/search_tech/speedy_spider/)" "www.mywedflowers.com"
81.177.22.210 - - [24/Sep/2007:21:23:25 -0700] "POST /blog-mt1/mt-comments.fcgi HTTP/1.0" 200 4096 "http://mywedflowers.com/blog1/2006/11/todays_tip.html" "Mozilla/5.0 (Windows; U; Windows NT 5.0; en-US; rv:0.9.7) Gecko/20011221" "mywedflowers.com"
210.131.1.60 - - [24/Sep/2007:21:28:02 -0700] "GET /blog1/2006/11/beautiful.html HTTP/1.0" 200 42495 "-" "User-Agent: Mozilla/4.0 (compatible; MSIE 7.0; Windows NT 5.1; Mozilla/4.0 (compatible; MSIE 6.0; Windows NT 5.1; SV1) ; .NET CLR 1.1.4322; .NET CLR 2.0.50727; InfoPath.2)" "mywedflowers.com"
89.149.227.31 - - [24/Sep/2007:21:28:58 -0700] "POST /blog-mt1/mt-comments.fcgi HTTP/1.0" 200 4096 "-" "Mozilla/5.0 (Windows; U; Windows NT 5.1; en; rv:1.8.0.3) Gecko/20060426 Firefox/1.5.0.3" "mywedflowers.com"
125.246.96.194 - - [24/Sep/2007:21:34:57 -0700] "POST /blog-mt1/mt-comments.fcgi HTTP/1.0" 200 39033 "http://08star2.com/595858/mailform.php, http://lovehyun22.wablog.com/38.html, http://www.whitewater.ro/?page=forum&lang=ro&wid=18, http://www.metroshop.ru/forums/post.php?action=new&forum=1, http://www.aquietmind.com/2007/01/16/a-quiet-mind-group-forming-in-the-washington-dc-area/, http://chaucer.umuc.edu/oissblog/gcubed/2007/01/are_you_vistaready_1.html, http://www.itzgrund.net/cgi-std/gaestebuch.cgi?action=add, http://johan.galaxen.net/logg/68/author-highlighting-in-textpattern, http://mywedflowers.com/blog1/2006/11/beautiful.html" "Mozilla/4.0 (compatible; MSIE 6.0; Windows NT 5.0; MyIE2; Maxthon)" "mywedflowers.com"
89.253.247.157 - - [24/Sep/2007:21:39:58 -0700] "GET /blog1/2006/11/beautiful.html HTTP/1.1" 200 42495 "-" "-" "mywedflowers.com"
89.253.247.157 - - [24/Sep/2007:21:40:07 -0700] "POST /blog-mt1/mt-comments.fcgi HTTP/1.1" 200 4111 "http://mywedflowers.com/blog1/2006/11/beautiful.html" "Opera/9.0 (Windows NT 5.1; U; en)" "mywedflowers.com"
216.39.58.18 - - [24/Sep/2007:21:46:12 -0700] "GET /.feed/blog/indexblog.htm HTTP/1.0" 200 1 "-" "YahooFeedSeeker/2.0 (compatible; Mozilla 4.0; MSIE 5.5; http://publisher.yahoo.com/rssguide; users 2; views 672)" "www.mywedflowers.com"
193.251.35.18 - - [24/Sep/2007:21:52:50 -0700] "GET /blog1/2006/11/beautiful.html HTTP/1.1" 200 42495 "-" "User-Agent: Mozilla/4.0 (compatible; MSIE 7.0; Windows NT 5.1; Mozilla/4.0 (compatible; MSIE 6.0; Windows NT 5.1; SV1) ; .NET CLR 1.1.4322; .NET CLR 2.0.50727; InfoPath.2)" "mywedflowers.com"
81.177.22.140 - - [24/Sep/2007:21:59:35 -0700] "POST /blog-mt1/mt-comments.fcgi HTTP/1.0" 200 4096 "-" "Mozilla/5.0 (Windows; U; Windows NT 5.1; en; rv:1.8.0.3) Gecko/20060426 Firefox/1.5.0.3" "mywedflowers.com"
216.39.58.78 - - [24/Sep/2007:22:04:32 -0700] "GET /.feed/blog/indexblog.htm HTTP/1.0" 200 1 "-" "YahooFeedSeeker/2.0 (compatible; Mozilla 4.0; MSIE 5.5; http://publisher.yahoo.com/rssguide; users 2; views 672)" "www.mywedflowers.com"
69.234.138.4 - - [24/Sep/2007:22:14:09 -0700] "GET /blog1/2006/11/beautiful.html HTTP/1.1" 200 42495 "-" "User-Agent: Mozilla/4.0 (compatible; MSIE 7.0; Windows NT 5.1; Mozilla/4.0 (compatible; MSIE 6.0; Windows NT 5.1; SV1) ; .NET CLR 1.1.4322; .NET CLR 2.0.50727; InfoPath.2)" "mywedflowers.com"
200.25.198.202 - - [24/Sep/2007:22:20:18 -0700] "POST /blog-mt1/mt-comments.fcgi HTTP/1.0" 200 4096 "http://mywedflowers.com/blog1/2006/11/todays_tip.html" "Mozilla/4.0 (compatible; MSIE 5.5; Windows NT)" "mywedflowers.com"
88.42.233.126 - - [24/Sep/2007:22:20:24 -0700] "POST /blog-mt1/mt-comments.fcgi HTTP/1.0" 200 4096 "http://mywedflowers.com/blog1/2006/11/todays_tip.html" "Mozilla/4.0 (compatible; MSIE 5.5; Windows NT)" "mywedflowers.com"
81.177.22.140 - - [24/Sep/2007:22:27:36 -0700] "POST /blog-mt1/mt-comments.fcgi HTTP/1.0" 200 4096 "-" "Mozilla/5.0 (Windows; U; Windows NT 5.1; en; rv:1.8.0.3) Gecko/20060426 Firefox/1.5.0.3" "mywedflowers.com"
59.95.75.105 - - [24/Sep/2007:22:38:22 -0700] "GET /blog1/2006/11/beautiful.html HTTP/1.1" 200 42495 "-" "User-Agent: Mozilla/4.0 (compatible; MSIE 7.0; Windows NT 5.1; Mozilla/4.0 (compatible; MSIE 6.0; Windows NT 5.1; SV1) ; .NET CLR 1.1.4322; .NET CLR 2.0.50727; InfoPath.2)" "mywedflowers.com"
59.95.75.105 - - [24/Sep/2007:22:38:41 -0700] "POST /blog-mt1/mt-comments.fcgi HTTP/1.1" 200 4111 "-" "User-Agent: Mozilla/4.0 (compatible; MSIE 7.0; Windows NT 5.1; Mozilla/4.0 (compatible; MSIE 6.0; Windows NT 5.1; SV1) ; .NET CLR 1.1.4322; .NET CLR 2.0.50727; InfoPath.2)" "mywedflowers.com"
66.249.66.229 - - [24/Sep/2007:22:41:32 -0700] "GET /robots.txt HTTP/1.1" 404 275 "-" "Mozilla/5.0 (compatible; Googlebot/2.1; +http://www.google.com/bot.html)" "www.mywedflowers.com"
66.249.66.229 - - [24/Sep/2007:22:41:32 -0700] "GET / HTTP/1.1" 304 - "-" "Mozilla/5.0 (compatible; Googlebot/2.1; +http://www.google.com/bot.html)" "www.mywedflowers.com"
216.39.58.18 - - [24/Sep/2007:22:46:07 -0700] "GET /.feed/blog/indexblog.htm HTTP/1.0" 200 1 "-" "YahooFeedSeeker/2.0 (compatible; Mozilla 4.0; MSIE 5.5; http://publisher.yahoo.com/rssguide; users 2; views 672)" "www.mywedflowers.com"
89.149.241.191 - - [24/Sep/2007:22:46:17 -0700] "GET /blog1/2006/11/todays_tip.html HTTP/1.1" 200 103427 "-" "User-Agent=Mozilla/5.0 (Macintosh; U; Intel Mac OS X; ru; rv:1.8.1.6) Gecko/20070725 Firefox/2.0.0.6" "mywedflowers.com"
89.149.227.31 - - [24/Sep/2007:22:57:37 -0700] "POST /blog-mt1/mt-comments.fcgi HTTP/1.0" 200 4096 "-" "Mozilla/5.0 (Windows; U; Windows NT 5.1; en; rv:1.8.0.3) Gecko/20060426 Firefox/1.5.0.3" "mywedflowers.com"
210.131.1.59 - - [24/Sep/2007:23:00:21 -0700] "GET /blog1/2006/11/beautiful.html HTTP/1.0" 200 42495 "-" "User-Agent: Mozilla/4.0 (compatible; MSIE 7.0; Windows NT 5.1; Mozilla/4.0 (compatible; MSIE 6.0; Windows NT 5.1; SV1) ; .NET CLR 1.1.4322; .NET CLR 2.0.50727; InfoPath.2)" "mywedflowers.com"
216.39.58.17 - - [24/Sep/2007:23:04:26 -0700] "GET /.feed/blog/indexblog.htm HTTP/1.0" 200 1 "-" "YahooFeedSeeker/2.0 (compatible; Mozilla 4.0; MSIE 5.5; http://publisher.yahoo.com/rssguide; users 2; views 672)" "www.mywedflowers.com"
66.249.66.229 - - [24/Sep/2007:23:19:52 -0700] "GET /robots.txt HTTP/1.1" 404 275 "-" "Mozilla/5.0 (compatible; Googlebot/2.1; +http://www.google.com/bot.html)" "mywedflowers.com"
66.249.66.229 - - [24/Sep/2007:23:19:52 -0700] "GET / HTTP/1.1" 200 12852 "-" "Mozilla/5.0 (compatible; Googlebot/2.1; +http://www.google.com/bot.html)" "mywedflowers.com"
70.128.118.253 - - [24/Sep/2007:23:28:31 -0700] "GET /blog1/2006/11/beautiful.html HTTP/1.1" 200 42495 "-" "User-Agent: Mozilla/4.0 (compatible; MSIE 7.0; Windows NT 5.1; Mozilla/4.0 (compatible; MSIE 6.0; Windows NT 5.1; SV1) ; .NET CLR 1.1.4322; .NET CLR 2.0.50727; InfoPath.2)" "mywedflowers.com"
70.128.118.253 - - [24/Sep/2007:23:28:45 -0700] "POST /blog-mt1/mt-comments.fcgi HTTP/1.1" 200 4111 "-" "User-Agent: Mozilla/4.0 (compatible; MSIE 7.0; Windows NT 5.1; Mozilla/4.0 (compatible; MSIE 6.0; Windows NT 5.1; SV1) ; .NET CLR 1.1.4322; .NET CLR 2.0.50727; InfoPath.2)" "mywedflowers.com"
81.177.22.140 - - [24/Sep/2007:23:34:08 -0700] "POST /blog-mt1/mt-comments.fcgi HTTP/1.0" 200 4096 "-" "Mozilla/5.0 (Windows; U; Windows NT 5.1; en; rv:1.8.0.3) Gecko/20060426 Firefox/1.5.0.3" "mywedflowers.com"
89.253.247.157 - - [24/Sep/2007:23:37:22 -0700] "GET /blog1/2006/11/beautiful.html HTTP/1.1" 200 42495 "-" "-" "mywedflowers.com"
89.253.247.157 - - [24/Sep/2007:23:37:30 -0700] "POST /blog-mt1/mt-comments.fcgi HTTP/1.1" 200 4111 "http://mywedflowers.com/blog1/2006/11/beautiful.html" "Opera/9.0 (Windows NT 5.1; U; en)" "mywedflowers.com"
216.39.58.18 - - [24/Sep/2007:23:45:56 -0700] "GET /.feed/blog/indexblog.htm HTTP/1.0" 200 1 "-" "YahooFeedSeeker/2.0 (compatible; Mozilla 4.0; MSIE 5.5; http://publisher.yahoo.com/rssguide; users 2; views 672)" "www.mywedflowers.com"
216.39.58.18 - - [25/Sep/2007:00:04:05 -0700] "GET /.feed/blog/indexblog.htm HTTP/1.0" 200 1 "-" "YahooFeedSeeker/2.0 (compatible; Mozilla 4.0; MSIE 5.5; http://publisher.yahoo.com/rssguide; users 2; views 672)" "www.mywedflowers.com"
81.177.22.210 - - [25/Sep/2007:00:07:38 -0700] "POST /blog-mt1/mt-comments.fcgi HTTP/1.0" 200 4096 "http://mywedflowers.com/blog1/2006/11/todays_tip.html" "Mozilla/5.0 (Windows; U; Windows NT 5.0; en-US; rv:1.0rc3) Gecko/20020523" "mywedflowers.com"
81.177.22.210 - - [25/Sep/2007:00:07:38 -0700] "POST /blog-mt1/mt-comments.fcgi HTTP/1.0" 200 1745 "http://mywedflowers.com/blog1/2006/11/todays_tip.html" "Mozilla/5.0 (Windows; U; Windows NT 5.0; en-US; rv:1.0rc3) Gecko/20020523" "mywedflowers.com"
81.177.22.210 - - [25/Sep/2007:00:07:39 -0700] "POST /blog-mt1/mt-comments.fcgi HTTP/1.0" 200 1745 "http://mywedflowers.com/blog1/2006/11/todays_tip.html" "Mozilla/5.0 (Windows; U; Windows NT 5.0; en-US; rv:1.0rc3) Gecko/20020523" "mywedflowers.com"
210.131.1.68 - - [25/Sep/2007:00:08:59 -0700] "GET /blog1/2006/11/beautiful.html HTTP/1.0" 200 42495 "-" "User-Agent: Mozilla/4.0 (compatible; MSIE 7.0; Windows NT 5.1; Mozilla/4.0 (compatible; MSIE 6.0; Windows NT 5.1; SV1) ; .NET CLR 1.1.4322; .NET CLR 2.0.50727; InfoPath.2)" "mywedflowers.com"
210.131.1.68 - - [25/Sep/2007:00:09:08 -0700] "POST /blog-mt1/mt-comments.fcgi HTTP/1.0" 200 4095 "-" "User-Agent: Mozilla/4.0 (compatible; MSIE 7.0; Windows NT 5.1; Mozilla/4.0 (compatible; MSIE 6.0; Windows NT 5.1; SV1) ; .NET CLR 1.1.4322; .NET CLR 2.0.50727; InfoPath.2)" "mywedflowers.com"
81.177.22.210 - - [25/Sep/2007:00:09:58 -0700] "POST /blog-mt1/mt-comments.fcgi HTTP/1.0" 200 4096 "http://mywedflowers.com/blog1/2006/11/todays_tip.html" "Mozilla/5.0 (Windows; U; Windows NT 5.0; en-US; rv:1.0rc1) Gecko/20020417" "mywedflowers.com"
81.177.22.210 - - [25/Sep/2007:00:09:58 -0700] "POST /blog-mt1/mt-comments.fcgi HTTP/1.0" 200 1745 "http://mywedflowers.com/blog1/2006/11/todays_tip.html" "Mozilla/5.0 (Windows; U; Windows NT 5.0; en-US; rv:1.0rc1) Gecko/20020417" "mywedflowers.com"
69.50.210.8 - - [25/Sep/2007:00:16:52 -0700] "POST /blog-mt1/mt-tb.fcgi/3 HTTP/1.0" 200 84 "http://mywedflowers.com/blog-mt1/mt-tb.fcgi" "TrackBack/1.02" "mywedflowers.com"
216.39.58.17 - - [25/Sep/2007:00:19:15 -0700] "GET /.feed/blog/indexblog.htm HTTP/1.0" 200 1 "-" "YahooFeedSeeker/2.0 (compatible; Mozilla 4.0; MSIE 5.5; http://publisher.yahoo.com/rssguide; users 2; views 672)" "www.mywedflowers.com"
89.149.227.31 - - [25/Sep/2007:00:19:39 -0700] "POST /blog-mt1/mt-comments.fcgi HTTP/1.0" 200 4096 "-" "Mozilla/5.0 (Windows; U; Windows NT 5.1; en; rv:1.8.0.3) Gecko/20060426 Firefox/1.5.0.3" "mywedflowers.com"
89.149.227.31 - - [25/Sep/2007:00:24:16 -0700] "POST /blog-mt1/mt-comments.fcgi HTTP/1.0" 200 4096 "-" "Mozilla/5.0 (Windows; U; Windows NT 5.1; en; rv:1.8.0.3) Gecko/20060426 Firefox/1.5.0.3" "mywedflowers.com"
216.39.58.78 - - [25/Sep/2007:00:26:05 -0700] "GET /.feed/blog/indexblog.htm HTTP/1.0" 200 1 "-" "YahooFeedSeeker/2.0 (compatible; Mozilla 4.0; MSIE 5.5; http://publisher.yahoo.com/rssguide; users 2; views 672)" "www.mywedflowers.com"
222.234.252.168 - - [25/Sep/2007:00:27:09 -0700] "GET /blog1/2006/11/beautiful.html HTTP/1.1" 200 42495 "-" "User-Agent: Mozilla/4.0 (compatible; MSIE 7.0; Windows NT 5.1; Mozilla/4.0 (compatible; MSIE 6.0; Windows NT 5.1; SV1) ; .NET CLR 1.1.4322; .NET CLR 2.0.50727; InfoPath.2)" "mywedflowers.com"
222.234.252.168 - - [25/Sep/2007:00:27:18 -0700] "POST /blog-mt1/mt-comments.fcgi HTTP/1.1" 200 4111 "-" "User-Agent: Mozilla/4.0 (compatible; MSIE 7.0; Windows NT 5.1; Mozilla/4.0 (compatible; MSIE 6.0; Windows NT 5.1; SV1) ; .NET CLR 1.1.4322; .NET CLR 2.0.50727; InfoPath.2)" "mywedflowers.com"
216.39.58.17 - - [25/Sep/2007:00:41:17 -0700] "GET /.feed/blog/indexblog.htm HTTP/1.0" 200 1 "-" "YahooFeedSeeker/2.0 (compatible; Mozilla 4.0; MSIE 5.5; http://publisher.yahoo.com/rssguide; users 2; views 672)" "www.mywedflowers.com"
216.39.58.78 - - [25/Sep/2007:00:46:02 -0700] "GET /.feed/blog/indexblog.htm HTTP/1.0" 200 1 "-" "YahooFeedSeeker/2.0 (compatible; Mozilla 4.0; MSIE 5.5; http://publisher.yahoo.com/rssguide; users 2; views 672)" "www.mywedflowers.com"
70.157.163.114 - - [25/Sep/2007:00:54:57 -0700] "GET / HTTP/1.1" 200 12852 "http://www.google.com/search?q=silk+wedding+flowers&hl=en&start=40&sa=N" "Mozilla/4.0 (compatible; MSIE 7.0; Windows NT 5.1; InfoPath.1)" "www.mywedflowers.com"
70.157.163.114 - - [25/Sep/2007:00:54:58 -0700] "GET /includes/style.css HTTP/1.1" 200 1201 "http://www.mywedflowers.com/" "Mozilla/4.0 (compatible; MSIE 7.0; Windows NT 5.1; InfoPath.1)" "www.mywedflowers.com"
70.157.163.114 - - [25/Sep/2007:00:54:58 -0700] "GET /images/layout/flower_bottom.gif HTTP/1.1" 200 2207 "http://www.mywedflowers.com/" "Mozilla/4.0 (compatible; MSIE 7.0; Windows NT 5.1; InfoPath.1)" "www.mywedflowers.com"
70.157.163.114 - - [25/Sep/2007:00:54:58 -0700] "GET /images/layout/top_w_logo.gif HTTP/1.1" 200 17838 "http://www.mywedflowers.com/" "Mozilla/4.0 (compatible; MSIE 7.0; Windows NT 5.1; InfoPath.1)" "www.mywedflowers.com"
70.157.163.114 - - [25/Sep/2007:00:54:58 -0700] "GET /images/layout/body_bg.gif HTTP/1.1" 200 161295 "http://www.mywedflowers.com/" "Mozilla/4.0 (compatible; MSIE 7.0; Windows NT 5.1; InfoPath.1)" "www.mywedflowers.com"
70.157.163.114 - - [25/Sep/2007:00:54:58 -0700] "GET /images/layout/spacer.gif HTTP/1.1" 200 43 "http://www.mywedflowers.com/" "Mozilla/4.0 (compatible; MSIE 7.0; Windows NT 5.1; InfoPath.1)" "www.mywedflowers.com"
70.157.163.114 - - [25/Sep/2007:00:54:58 -0700] "GET /images/flower_boxes/cascade.gif HTTP/1.1" 200 12700 "http://www.mywedflowers.com/" "Mozilla/4.0 (compatible; MSIE 7.0; Windows NT 5.1; InfoPath.1)" "www.mywedflowers.com"
70.157.163.114 - - [25/Sep/2007:00:54:59 -0700] "GET /images/flower_boxes/crescent.gif HTTP/1.1" 200 16215 "http://www.mywedflowers.com/" "Mozilla/4.0 (compatible; MSIE 7.0; Windows NT 5.1; InfoPath.1)" "www.mywedflowers.com"
70.157.163.114 - - [25/Sep/2007:00:54:59 -0700] "GET /images/flower_boxes/arm.gif HTTP/1.1" 200 13225 "http://www.mywedflowers.com/" "Mozilla/4.0 (compatible; MSIE 7.0; Windows NT 5.1; InfoPath.1)" "www.mywedflowers.com"
70.157.163.114 - - [25/Sep/2007:00:54:59 -0700] "GET /images/flower_boxes/round.gif HTTP/1.1" 200 14081 "http://www.mywedflowers.com/" "Mozilla/4.0 (compatible; MSIE 7.0; Windows NT 5.1; InfoPath.1)" "www.mywedflowers.com"
70.157.163.114 - - [25/Sep/2007:00:54:59 -0700] "GET /images/flower_boxes/handtied.gif HTTP/1.1" 200 13534 "http://www.mywedflowers.com/" "Mozilla/4.0 (compatible; MSIE 7.0; Windows NT 5.1; InfoPath.1)" "www.mywedflowers.com"
70.157.163.114 - - [25/Sep/2007:00:55:00 -0700] "GET /images/flower_boxes/pomander.gif HTTP/1.1" 200 13459 "http://www.mywedflowers.com/" "Mozilla/4.0 (compatible; MSIE 7.0; Windows NT 5.1; InfoPath.1)" "www.mywedflowers.com"
70.157.163.114 - - [25/Sep/2007:00:55:00 -0700] "GET /images/layout/nav_bg.gif HTTP/1.1" 200 564 "http://www.mywedflowers.com/" "Mozilla/4.0 (compatible; MSIE 7.0; Windows NT 5.1; InfoPath.1)" "www.mywedflowers.com"
70.157.163.114 - - [25/Sep/2007:00:55:00 -0700] "GET /favicon.ico HTTP/1.1" 200 1886 "-" "Mozilla/4.0 (compatible; MSIE 7.0; Windows NT 5.1; InfoPath.1)" "www.mywedflowers.com"
76.67.200.146 - - [25/Sep/2007:01:02:39 -0700] "POST /blog-mt1/mt-tb.fcgi/3 HTTP/1.1" 200 100 "-" "Java/1.6.0" "mywedflowers.com"
81.177.22.210 - - [25/Sep/2007:01:06:29 -0700] "POST /blog-mt1/mt-comments.fcgi HTTP/1.0" 200 4096 "http://mywedflowers.com/blog1/2006/11/todays_tip.html" "Mozilla/5.0 (Windows; U; Windows NT 5.0; en-US; rv:0.9.7) Gecko/20011221" "mywedflowers.com"
85.28.142.26 - - [25/Sep/2007:01:15:52 -0700] "GET /blog1/2006/11/beautiful.html HTTP/1.1" 200 42495 "-" "User-Agent: Mozilla/4.0 (compatible; MSIE 7.0; Windows NT 5.1; Mozilla/4.0 (compatible; MSIE 6.0; Windows NT 5.1; SV1) ; .NET CLR 1.1.4322; .NET CLR 2.0.50727; InfoPath.2)" "mywedflowers.com"
216.39.58.18 - - [25/Sep/2007:01:16:10 -0700] "GET /.feed/blog/indexblog.htm HTTP/1.0" 200 1 "-" "YahooFeedSeeker/2.0 (compatible; Mozilla 4.0; MSIE 5.5; http://publisher.yahoo.com/rssguide; users 2; views 672)" "www.mywedflowers.com"
217.127.193.136 - - [25/Sep/2007:01:23:44 -0700] "POST /blog-mt1/mt-comments.fcgi HTTP/1.1" 200 39049 "http://coexist.cafe24.com/bbs/zboard.php?id=zinadiary, http://usagi-rudy.com/2006/12/post_186.html, http://mywedflowers.com/blog1/2006/11/beautiful.html" "Mozilla/4.0 (compatible; MSIE 6.0; Windows NT 5.0; MyIE2; Maxthon)" "mywedflowers.com"
81.177.22.140 - - [25/Sep/2007:01:24:35 -0700] "POST /blog-mt1/mt-comments.fcgi HTTP/1.0" 200 4096 "-" "Mozilla/5.0 (Windows; U; Windows NT 5.1; en; rv:1.8.0.3) Gecko/20060426 Firefox/1.5.0.3" "mywedflowers.com"
81.177.22.210 - - [25/Sep/2007:01:45:48 -0700] "POST /blog-mt1/mt-comments.fcgi HTTP/1.0" 200 4096 "http://mywedflowers.com/blog1/2006/11/todays_tip.html" "Mozilla/4.0 (compatible; MSIE 5.01; Windows 98; QXW0332q)" "mywedflowers.com"
216.39.58.78 - - [25/Sep/2007:01:46:26 -0700] "GET /.feed/blog/indexblog.htm HTTP/1.0" 200 1 "-" "YahooFeedSeeker/2.0 (compatible; Mozilla 4.0; MSIE 5.5; http://publisher.yahoo.com/rssguide; users 2; views 672)" "www.mywedflowers.com"
68.194.209.252 - - [25/Sep/2007:02:00:45 -0700] "GET /blog1/2006/11/beautiful.html HTTP/1.1" 200 42495 "-" "User-Agent: Mozilla/4.0 (compatible; MSIE 7.0; Windows NT 5.1; Mozilla/4.0 (compatible; MSIE 6.0; Windows NT 5.1; SV1) ; .NET CLR 1.1.4322; .NET CLR 2.0.50727; InfoPath.2)" "mywedflowers.com"
89.253.247.157 - - [25/Sep/2007:02:04:16 -0700] "GET /blog1/2006/11/beautiful.html HTTP/1.1" 200 42495 "-" "-" "mywedflowers.com"
89.253.247.157 - - [25/Sep/2007:02:04:26 -0700] "POST /blog-mt1/mt-comments.fcgi HTTP/1.1" 200 4111 "http://mywedflowers.com/blog1/2006/11/beautiful.html" "Opera/9.0 (Windows NT 5.1; U; en)" "mywedflowers.com"
80.26.64.171 - - [25/Sep/2007:02:07:44 -0700] "POST /blog-mt1/mt-comments.fcgi HTTP/1.1" 200 4112 "http://mywedflowers.com/blog1/2006/11/todays_tip.html" "Mozilla/4.0 (compatible; MSIE 5.5; Windows NT)" "mywedflowers.com"
219.209.194.156 - - [25/Sep/2007:02:08:00 -0700] "POST /blog-mt1/mt-comments.fcgi HTTP/1.1" 200 4112 "http://mywedflowers.com/blog1/2006/11/todays_tip.html" "Mozilla/4.0 (compatible; MSIE 5.5; Windows NT)" "mywedflowers.com"
89.149.227.31 - - [25/Sep/2007:02:24:08 -0700] "POST /blog-mt1/mt-comments.fcgi HTTP/1.0" 200 4096 "-" "Mozilla/5.0 (Windows; U; Windows NT 5.1; en; rv:1.8.0.3) Gecko/20060426 Firefox/1.5.0.3" "mywedflowers.com"
81.177.22.210 - - [25/Sep/2007:02:27:34 -0700] "POST /blog-mt1/mt-comments.fcgi HTTP/1.0" 200 4096 "http://mywedflowers.com/blog1/2006/11/todays_tip.html" "Mozilla/4.0 (compatible; MSIE 4.0; Windows 95)" "mywedflowers.com"
81.177.22.140 - - [25/Sep/2007:02:39:13 -0700] "POST /blog-mt1/mt-comments.fcgi HTTP/1.0" 200 4096 "-" "Mozilla/5.0 (Windows; U; Windows NT 5.1; en; rv:1.8.0.3) Gecko/20060426 Firefox/1.5.0.3" "mywedflowers.com"
65.55.212.149 - - [25/Sep/2007:02:43:23 -0700] "GET /robots.txt HTTP/1.0" 404 275 "-" "msnbot-media/1.0 (+http://search.msn.com/msnbot.htm)" "www.mywedflowers.com"
65.55.212.149 - - [25/Sep/2007:02:43:24 -0700] "GET / HTTP/1.0" 200 12852 "-" "msnbot-media/1.0 (+http://search.msn.com/msnbot.htm)" "www.mywedflowers.com"
76.67.200.146 - - [25/Sep/2007:02:44:36 -0700] "POST /blog-mt1/mt-tb.fcgi/3 HTTP/1.1" 200 100 "-" "Java/1.6.0" "mywedflowers.com"
216.39.58.78 - - [25/Sep/2007:02:46:10 -0700] "GET /.feed/blog/indexblog.htm HTTP/1.0" 200 1 "-" "YahooFeedSeeker/2.0 (compatible; Mozilla 4.0; MSIE 5.5; http://publisher.yahoo.com/rssguide; users 2; views 672)" "www.mywedflowers.com"
89.149.227.31 - - [25/Sep/2007:02:47:34 -0700] "POST /blog-mt1/mt-comments.fcgi HTTP/1.0" 200 4096 "-" "Mozilla/5.0 (Windows; U; Windows NT 5.1; en; rv:1.8.0.3) Gecko/20060426 Firefox/1.5.0.3" "mywedflowers.com"
